r when 3125 is divided by 53.
51
What is the remainder when 22217 is divided by 202?
199
What is the remainder when 170 is divided by 43?
41
Calculate the remainder when 6937 is divided by 32.
25
Calculate the remainder when 80 is divided by 27.
26
Calculate the remainder when 9940 is divided by 17.
12
Calculate the remainder when 305 is divided by 18.
17
What is the remainder when 122 is divided by 7?
3
Calculate the remainder when 90 is divided by 30.
0
What is the remainder when 232 is divided by 15?
7
What is the remainder when 194 is divided by 138?
56
What is the remainder when 1279 is divided by 51?
4
What is the remainder when 459 is divided by 65?
4
Calculate the remainder when 145 is divided by 30.
25
What is the remainder when 16395 is divided by 231?
225
What is the remainder when 1918 is divided by 40?
38
Calculate the remainder when 568 is divided by 15.
13
Calculate the remainder when 509 is divided by 64.
61
Calculate the remainder when 697 is divided by 348.
1
Calculate the remainder when 97 is divided by 37.
23
Calculate the remainder when 208 is divided by 3.
1
What is the remainder when 462 is divided by 68?
54
Calculate the remainder when 250 is divided by 28.
26
What is the remainder when 661 is divided by 7?
3
What is the remainder when 148 is divided by 27?
13
Calculate the remainder when 1394 is divided by 9.
8
What is the remainder when 719 is divided by 66?
59
What is the remainder when 143 is divided by 18?
17
What is the remainder when 320 is divided by 21?
5
What is the remainder when 159 is divided by 5?
4
Calculate the remainder when 99 is divided by 35.
29
What is the remainder when 630 is divided by 307?
16
What is the remainder when 95 is divided by 12?
11
Calculate the remainder when 92 is divided by 36.
20
What is the remainder when 78 is divided by 36?
6
Calculate the remainder when 39 is divided by 25.
14
What is the remainder when 25 is divided by 24?
1
What is the remainder when 356 is divided by 19?
14
What is the remainder when 2055 is divided by 256?
7
Calculate the remainder when 107 is divided by 16.
11
What is the remainder when 61 is divided by 30?
1
What is the remainder when 685 is divided by 87?
76
What is the remainder when 374 is divided by 199?
175
What is the remainder when 536 is divided by 510?
26
Calculate the remainder when 844 is divided by 65.
64
What is the remainder when 390 is divided by 100?
90
Calculate the remainder when 1015 is divided by 171.
160
Calculate the remainder when 450 is divided by 221.
8
What is the remainder when 56 is divided by 15?
11
Calculate the remainder when 363 is divided by 71.
8
What is the remainder when 1384 is divided by 15?
4
Calculate the remainder when 352 is divided by 162.
28
What is the remainder when 118 is divided by 19?
4
What is the remainder when 2234 is divided by 27?
20
Calculate the remainder when 1469 is divided by 33.
17
Calculate the remainder when 189 is divided by 175.
14
Calculate the remainder when 148 is divided by 23.
10
What is the remainder when 53 is divided by 12?
5
Calculate the remainder when 1075 is divided by 11.
8
What is the remainder when 1103 is divided by 158?
155
Calculate the remainder when 634 is divided by 13.
10
What is the remainder when 2769 is divided by 77?
74
What is the remainder when 2814 is divided by 194?
98
What is the remainder when 128 is divided by 81?
47
Calculate the remainder when 3473 is divided by 94.
89
What is the remainder when 898 is divided by 225?
223
Calculate the remainder when 454 is divided by 114.
112
Calculate the remainder when 11713 is divided by 101.
98
Calculate the remainder when 556 is divided by 18.
16
Calculate the remainder when 89 is divided by 32.
25
What is the remainder when 63 is divided by 18?
9
What is the remainder when 410 is divided by 59?
56
What is the remainder when 168 is divided by 46?
30
What is the remainder when 275 is divided by 58?
43
What is the remainder when 89 is divided by 35?
19
What is the remainder when 2113 is divided by 45?
43
Calculate the remainder when 173 is divided by 85.
3
Calculate the remainder when 301 is divided by 76.
73
What is the remainder when 22537 is divided by 230?
227
What is the remainder when 123 is divided by 74?
49
Calculate the remainder when 799 is divided by 111.
22
Calculate the remainder when 374 is divided by 123.
5
What is the remainder when 37 is divided by 12?
1
Calculate the remainder when 1906 is divided by 634.
4
Calculate the remainder when 76 is divided by 46.
30
Calculate the remainder when 754 is divided by 36.
34
What is the remainder when 114 is divided by 86?
28
What is the remainder when 286 is divided by 93?
7
What is the remainder when 131 is divided by 11?
10
Calculate the remainder when 1539 is divided by 510.
9
What is the remainder when 1060 is divided by 45?
25
Calculate the remainder when 2166 is divided by 35.
31
What is the remainder when 972 is divided by 122?
118
What is the remainder when 1242 is divided by 317?
291
Calculate the remainder when 150 is divided by 27.
15
What is the remainder when 58 is divided by 9?
4
Calculate the remainder when 52 is divided by 31.
21
Calculate the remainder when 65 is divided by 30.
5
Calculate the remainder when 12659 is divided by 189.
185
Calculate the remainder when 602 is divided by 150.
2
Calculate the remainder when 4674 is divided by 25.
24
Calculate the remainder when 200 is divided by 53.
41
What is the remainder when 249 is divided by 18?
15
What is the remainder when 1481 is divided by 481?
38
Calculate the remainder when 194 is divided by 53.
35
Calculate the remainder when 18817 is divided by 123.
121
What is the remainder when 161 is divided by 71?
19
What is the remainder when 375 is divided by 25?
0
Calculate the remainder when 61 is divided by 24.
13
Calculate the remainder when 48 is divided by 43.
5
Calculate the remainder when 28734 is divided by 31.
28
What is the remainder when 8350 is divided by 36?
34
Calculate the remainder when 6744 is divided by 5.
4
Calculate the remainder when 49 is divided by 9.
4
Calculate the remainder when 2949 is divided by 41.
38
Calculate the remainder when 661 is divided by 131.
6
Calculate the remainder when 132 is divided by 35.
27
What is the remainder when 1397 is divided by 40?
37
Calculate the remainder when 146 is divided by 27.
11
What is the remainder when 392 is divided by 4?
0
Calculate the remainder when 23 is divided by 14.
9
What is the remainder when 235 is divided by 7?
4
What is the remainder when 1104 is divided by 111?
105
What is the remainder when 204 is divided by 9?
6
Calculate the remainder when 269 is divided by 23.
16
Calculate the remainder when 28 is divided by 8.
4
Calculate the remainder when 2412 is divided by 347.
330
Calculate the remainder when 1933 is divided by 278.
265
What is the remainder when 26610 is divided by 23?
22
What is the remainder when 121 is divided by 46?
29
Calculate the remainder when 662 is divided by 74.
70
Calculate the remainder when 171 is divided by 77.
17
What is the remainder when 1975 is divided by 45?
40
Calculate the remainder when 550 is divided by 24.
22
What is the remainder when 61 is divided by 24?
13
Calculate the remainder when 1362 is divided by 10.
2
Calculate the remainder when 448 is divided by 430.
18
Calculate the remainder when 808 is divided by 53.
13
What is the remainder when 809 is divided by 45?
44
What is the remainder when 338 is divided by 57?
53
Calculate the remainder when 730 is divided by 62.
48
Calculate the remainder when 1055 is divided by 46.
43
Calculate the remainder when 73 is divided by 38.
35
Calculate the remainder when 4407 is divided by 258.
21
What is the remainder when 164 is divided by 83?
81
Calculate the remainder when 914 is divided by 48.
2
Calculate the remainder when 2983 is divided by 74.
23
What is the remainder when 374 is divided by 189?
185
Calculate the remainder when 179 is divided by 50.
29
What is the remainder when 710 is divided by 26?
8
What is the remainder when 1559 is divided by 175?
159
What is the remainder when 491 is divided by 67?
22
What is the remainder when 336 is divided by 37?
3
Calculate the remainder when 4994 is divided by 200.
194
Calculate the remainder 